577c0
Convert -2b26f1 (base 16) to base 8.
-12623361
What is 9143 (base 14) in base 4?
12011313
What is -10431522 (base 6) in base 5?
-40042323
372748 (base 10) to base 13
10087c
What is 10153155 (base 6) in base 7?
2335541
What is 100022000012 (base 3) in base 16?
2cac8
Convert -21123321 (base 5) to base 12.
-8631b
What is 1706a (base 16) in base 5?
11004224
What is -110207 (base 8) in base 4?
-21002013
Convert 100022232 (base 4) to base 8.
201256
What is 535b24 (base 16) in base 4?
110311230210
What is 55bd0 (base 16) in base 11?
21a939
What is -ba913 (base 13) in base 5?
-41301203
Convert -373934 (base 10) to base 5.
-43431214
What is -214104033 (base 5) in base 3?
-1202000120110
Convert -9545a1 (base 13) to base 12.
-120613a
-12316684 (base 9) to base 2
-10111000001010000111111
What is -11021201222200 (base 3) in base 7?
-25235511
2133204340 (base 5) to base 13
c46c00
Convert 47165 (base 10) to base 6.
1002205
Convert -101212112221 (base 3) to base 12.
-a3a14
Convert -1010100022102 (base 3) to base 11.
-378820
534740b (base 12) to base 15
15b82e8
-11200001221 (base 3) to base 5
-10420111
Convert -3566550 (base 7) to base 8.
-1566136
-21312202 (base 5) to base 12
-89515
Convert 112201101110 (base 3) to base 9.
481343
15232223 (base 6) to base 11
334645
Convert 100000111000001110001 (base 2) to base 16.
107071
-17405170 (base 8) to base 5
-2020102122
Convert -a8753b (base 12) to base 7.
-31445501
What is 5531626 (base 7) in base 2?
10100110000011001100
Convert -1591452 (base 13) to base 2.
-11010011111001000011111
Convert 1113886 (base 9) to base 2.
10010010011110011100
-154077 (base 8) to base 12
-28053
-112441423 (base 5) to base 16
-7dca6
1a7a60 (base 12) to base 3
212212110000
Convert -37225 (base 11) to base 9.
-81354
-11121012200212 (base 3) to base 5
-1111213341
-1824516 (base 9) to base 6
-33511323
1120011 (base 3) to base 12
7aa
950672 (base 10) to base 11
59a288
31204224 (base 5) to base 15
5115e
Convert 454143 (base 8) to base 10.
153699
Convert 10100120102 (base 3) to base 5.
4103101
Convert -3131342433 (base 5) to base 3.
-110020212010012
Convert -5840150 (base 9) to base 8.
-14023777
Convert 6a20 (base 11) to base 14.
3506
7a9724 (base 13) to base 3
12110121210120
Convert -22021102201201 (base 3) to base 6.
-234132244
Convert -3010113 (base 5) to base 13.
-18835
Convert 123011102010 (base 4) to base 9.
14320640
Convert 704614 (base 8) to base 2.
111000100110001100
Convert -1605220 (base 8) to base 2.
-1110000101010010000
Convert 76707 (base 11) to base 7.
642366
2c10a7 (base 14) to base 3
2220012211200
What is ba8a (base 15) in base 4?
21221101
4044554 (base 6) to base 9
323527
Convert 2136346 (base 7) to base 2.
111111110110101011
What is 110010001001011 (base 2) in base 12?
12a37
-20100022211120 (base 3) to base 2
-1100110111010011001010
Convert -8825 (base 11) to base 5.
-333033
-304402243 (base 5) to base 10
-1247198
462163 (base 9) to base 7
2233020
Convert 6140712 (base 8) to base 10.
1622474
What is -5a4a5 (base 16) in base 15?
-748a4
266503 (base 11) to base 6
12545410
What is -10001110110001011010 (base 2) in base 13?
-176242
Convert 2e577 (base 16) to base 12.
91a1b
What is -3777596 (base 11) in base 4?
-121000032322
Convert -40b66 (base 12) to base 6.
-1451410
Convert -cf6f9 (base 16) to base 6.
-30113333
a38 (base 15) to base 7
6500
-471788 (base 9) to base 5
-33032444
What is -2436474 (base 9) in base 2?
-101000011001000000110
What is -222411204 (base 5) in base 13?
-284cc8
382905 (base 13) to base 3
2112111111120
-166443 (base 11) to base 7
-2121323
What is -644279 (base 12) in base 14?
-2d2d9b
2adb9a (base 15) to base 11
1195388
Convert 8af13 (base 16) to base 6.
20110431
Convert 101635246 (base 7) to base 15.
7d5797
-3adb8 (base 16) to base 14
-63c00
Convert 2003120032 (base 4) to base 8.
2033016
Convert 2012102211 (base 3) to base 4.
22211002
-110221122 (base 4) to base 13
-2c655
What is 4111143 (base 5) in base 3?
10101010010
Convert -2334d (base 16) to base 12.
-6b551
What is 110010111111000011111101 (base 2) in base 11?
75a9776
What is 1251025 (base 6) in base 4?
100310321
Convert 1010011012220010 (base 3) to base 7.
253135533
3014043 (base 5) to base 16
bb97
Convert -65cc (base 14) to base 9.
-26152
Convert 11010110001000 (base 2) to base 3.
200210120
What is -49240 (base 12) in base 3?
-12000120110
Convert 349c68 (base 13) to base 12.
503476
12410262 (base 7) to base 2
100010011100010100100
Convert -411224 (base 12) to base 13.
-298540
-151004412 (base 6) to base 2
-1011111011011010111000
1010110001000110011101 (base 2) to base 4
22301012131
-11000010110110010101 (base 2) to base 4
-3002312111
What is e9de4a (base 15) in base 8?
52362022
Convert -52301033 (base 6) to base 16.
-17240d
What is 3464 (base 12) in base 10?
5836
Convert 84b208 (base 12) to base 13.
583808
-445125 (base 9) to base 15
-53d0e
What is -527014 (base 8) in base 13?
-61c2b
Convert -35760 (base 14) to base 2.
-11111110101111000
16a418 (base 11) to base 12
108046
201122102211 (base 3) to base 5
44333224
What is -424232 (base 9) in base 7?
-2100635
Convert -176b (base 13) to base 4.
-312031
Convert -9762 (base 16) to base 11.
-27131
Convert -112022010202 (base 3) to base 9.
-468122
What is -6652465 (base 7) in base 9?
-1478334
Convert 2060613 (base 7) to base 2.
111101000010011000
What is 311431 (base 7) in base 6?
1051051
-5296a7 (base 12) to base 5
-313132200
66501 (base 9) to base 7
242464
-766277 (base 8) to base 7
-2120620
Convert -112342300 (base 5) to base 9.
-860541
Convert -cc7d7 (base 14) to base 8.
-1707571
Convert 420303 (base 7) to base 14.
1c43a
Convert 301244334 (base 5) to base 15.
189949
3310a (base 12) to base 9
112581
-10222120003 (base 4) to base 12
-4ab317
What is 43109a1 (base 11) in base 6?
430324502
What is 138400 (base 16) in base 8?
4702000
Convert 1d4a21 (base 15) to base 7.
15116443
Convert 47767014 (base 8) to base 6.
1012351524
Convert -24736b6 (base 12) to base 9.
-14348833
What is 333012500 (base 6) in base 3?
102022212121200
Convert 2613264 (base 9) to base 12.
589394
1525507 (base 9) to base 5
204000430
What is -166124 (base 8) in base 15?
-12dd5
What is -74110 (base 14) in base 10?
-280098
What is -1467652 (base 10) in base 14?
-2a2c04
What is -3135226 (base 7) in base 10?
-378790
Convert -1233054 (base 8) to base 15.
-6b2ed
What is 122120200201012 (base 3) in base 5?
4342442012
-2228aa (base 11) to base 9
-601133
Convert -31463135 (base 9) to base 5.
-12340030320
-24222411 (base 5) to base 12
-ab17a
What is -1000320101 (base 4) in base 10?
-265745
Convert -33473717 (base 8) to base 12.
-2511727
Convert -112421134 (base 6) to base 15.
-2b34c4
What is -164182b (base 13) in base 12?
-249a839
Convert -11110010001100000000100 (base 2) to base 13.
-184b27b
What is -101210100022 (base 3) in base 12?
-a2ab2
Convert -35534 (base 13) to base 12.
-48558
2221203133 (base 4) to base 12
295aa7
-2cf09 (base 16) to base 9
-310445
-968583 (base 13) to base 6
-203405403
What is -23121033332 (base 4) in base 14?
-57a7b8
What is -30564166 (base 7) in base 14?
-4acadd
-24c976 (base 15) to base 7
-20664345
What is 1181675 (base 9) in base 5?
131104021
What is c0a95 (base 13) in base 11?
215952
cd599a (base 14) to base 4
122211121110
What is -11e83 (base 16) in base 6?
-1323323
What is 1213333021 (base 4) in base 16?
67fc9
Convert 228d2 (base 15) to base 11.
75708
Convert 423500 (base 6) to base 11.
23a36
What is 21332003 (base 4) in base 13?
15782
What is -50414266 (base 7) in base 10?
-4188862
Convert -1156245 (base 8) to base 14.
-84193
What is 56a850 (base 12) in base 16?
152a3c
What is 1325553 (base 6) in base 11?
50554
What is -4203345 (base 6) in base 8?
-614321
What is 346646 (base 7) in base 14?
18a5d
Convert -1840833 (base 9) to base 8.
-3735143
-38119 (base 14) to base 8
-414313
What is -20c692 (base 16) in base 14?
-3dcb18
What is -100222112222 (base 3) in base 9?
-328488
Convert 111001111111000011 (base 2) to base 4.
321333003
Convert -153045 (base 9) to base 7.
-541202
Convert -131213301 (base 5) to base 8.
-2361417
What is -63024 (base 10) in base 12?
-30580
Convert -7bd7 (base 16) to base 15.
-95d8
What is 3cc5ce (base 15) in base 8?
13125524
Convert 13090a (base 11) to base 12.
9b309
What is 601a5 (base 